 = -515 - -531. Let f = 226 + -322. Let r = t - f. What are the prime factors of r?
2, 7
Let j = 17171 + -9373. List the prime factors of j.
2, 7, 557
Let w(z) = -12*z**3 - 2*z**2 + 2. Let u(i) = -i**2 + 1. Let x(v) = -3*u(v) + w(v). Let s be x(-1). What are the prime factors of (-4 + 0/4)*(-207)/s?
3, 23
Suppose -8*m + 2*b = -4*m - 84, 2*m - 40 = 2*b. Let z = -167 - m. List the prime factors of (z/(-12))/(24/64).
2, 3, 7
Suppose 21*a - 15*a = 30. Let q(g) = 2*g**3 + 4*g**2 - g + 11. What are the prime factors of q(a)?
2, 89
Suppose -d - 7*d = -392. Let b = d - 45. What are the prime factors of 1 - 6/b - 1256/(-16)?
2, 3, 13
Let m = 5 - -34. Let d = m + -39. Let y(n) = n**3 + n**2 + 17. List the prime factors of y(d).
17
Let c(l) = 55*l**2 + 5*l - 10. Let t be c(4). Suppose 3*v = 5*v + t. What are the prime factors of -3*5/(75/v)?
89
Suppose -113*a = -21*a - 1316115 + 99875. List the prime factors of a.
2, 5, 661
Let r = 592 - 554. Suppose 19584 = 13*g + r*g. List the prime factors of g.
2, 3
Let x = 117 - 120. List the prime factors of 238 - ((1 - (6 + x)) + -2).
2, 11
Suppose 2*h - 3*o = -2*h - 24, -3*o = h - 9. Let k(s) = -3*s**2 + 6*s**3 - 9*s**3 - 2 + 3*s**2 + s. List the prime factors of k(h).
2, 19
Suppose 2*o - 64 = -3*a - 275, 2*a + 142 = -o. Suppose -910 = 3*v + 2*v. Let s = a - v. What are the prime factors of s?
109
Suppose -5*c + 71110 = 2*t, 41*c - 46*c = -t + 35585. What are the prime factors of t?
3, 5, 2371
Let f(a) = a**3 + 38*a**2 - 84*a + 307. List the prime factors of f(-40).
467
Let s(c) = 172*c + 63. Let r be s(-9). Let u = 1032 + r. Let y = u + 692. List the prime factors of y.
239
What are the prime factors of ((-150090)/8)/(-5)*(-16)/(-12)?
5003
What are the prime factors of -1 + ((-5 - -4025) + -7 - -7)?
4019
Let k = 236 - 480. Let z = k + 473. What are the prime factors of z?
229
Suppose 108 + 12 = 5*u. Suppose a - u = -5*m + 26, -4*a + 3*m + 131 = 0. List the prime factors of a.
5, 7
Let h be ((-2)/10 - 0)*0. Suppose -x - 4*t + 90 = -0*t, -3*t = h. List the prime factors of x.
2, 3, 5
Suppose 10039 + 15209 = 3*m + 3*u, 0 = 3*u - 3. List the prime factors of m.
3, 5, 11, 17
Let k = 14622 - 9891. List the prime factors of k.
3, 19, 83
What are the prime factors of (9027/(-68))/((-6)/32)?
2, 3, 59
Let i = -25 - -24. Let l = i - -4. Suppose -d = -0*q - l*q + 293, q = d + 97. List the prime factors of q.
2, 7
Let v(h) = -24*h**2 + 4*h + 7. Let p(l) = 24*l**2 - 3*l - 7. Let f(n) = 3*p(n) + 2*v(n). What are the prime factors of f(8)?
3, 13
Let i be (3/(-2))/(-9*5/60). Let q be (3 + -1)/(i/(-15)). What are the prime factors of (-6)/q + (-1316)/(-10)?
2, 3, 11
Let w = -27936 + 58542. List the prime factors of w.
2, 3, 5101
Let c(h) = -747*h**3 - h**2 + 10*h + 62. What are the prime factors of c(-3)?
2, 631
Let w = 349 - 79. Let s = w - -70. List the prime factors of s.
2, 5, 17
Let x(o) = -o**3 + 10*o**2 + 11. Let m be x(12). Suppose 3*d = 4*h + 1663, -4*h + h + d = 1246. Let s = m - h. What are the prime factors of s?
2, 3, 23
Suppose 0 = -22*v + 86983 + 12655. What are the prime factors of v?
7, 647
Suppose 214*u = 223*u - 64512. What are the prime factors of u?
2, 7
Let f be (4/(-6))/(3/54). Let h(n) = 7*n + 33. Let i(b) = -b + 3. Let x(s) = -h(s) - 2*i(s). List the prime factors of x(f).
3, 7
Let f(m) = 30*m**2 + 9*m + 37. List the prime factors of f(-24).
7, 349
Let v = -134 - -247. Let z = 718 + v. Suppose -k + 4*o + 172 + 40 = 0, -4*k = o - z. List the prime factors of k.
2, 13
Let b(o) = o**3 - 25*o**2 + 6*o + 226. What are the prime factors of b(31)?
2, 3089
Let y = -281 + 668. Let i = 1471 - y. List the prime factors of i.
2, 271
Let t(y) = -155*y - 297. What are the prime factors of t(-33)?
2, 3, 11, 73
Suppose 5*r = 3*z - 313594 + 99046, 2*r = -3*z + 214590. What are the prime factors of z?
2, 3, 7, 13, 131
Let c(x) = -2*x**3 + 71*x**2 + 2*x + 60. List the prime factors of c(34).
2, 29, 31
Let z be -3 - (2 - (4815 - -2)). Suppose -9*m = 3*m - z. List the prime factors of m.
401
Let x(r) = -r**2 - 45*r - 120. Let m be x(-42). Suppose -11*o + m*o = -10, -q = o - 246. List the prime factors of q.
2, 61
Let o(l) = 45867*l - 23 - 45859*l + 3*l**2 - l**2. List the prime factors of o(5).
67
Suppose 508*l - 511*l + 5253 = 0. List the prime factors of l.
17, 103
Suppose -a + 4*a = 24. Suppose -a*h + 5*h - 303 = 0. Let p = 165 + h. What are the prime factors of p?
2
Suppose -151900 = -5*d + h, -29526 = -5*d + 5*h + 122394. List the prime factors of d.
17, 1787
Let x(y) = y**2 - 16*y + 28. Let k be x(2). Suppose -23*d + 74*d - 46869 = k. List the prime factors of d.
919
Suppose -343528 + 71 = -32*v + 894975. What are the prime factors of v?
13, 229
Suppose v + 3*v = n - 17, -2*n + v - 1 = 0. Let m(d) = 86*d**2 - 2*d + 9. What are the prime factors of m(n)?
3, 263
Suppose -4*k - k - 60 = 0. Let n(c) = -19*c + 160. List the prime factors of n(k).
2, 97
Let m(q) = q**2 - 7*q + 13. Let h be -5 + 9 - (1 + 45). Let r = h + 56. List the prime factors of m(r).
3, 37
Let q(v) = -278*v - 59. Let o(h) = 2*h**2 + 37*h - 62. Let a be o(-20). List the prime factors of q(a).
7, 71
Suppose 0 = c + 4*v - 22, 5*c + 5*v - 91 = 4*v. Suppose 4*d + c = -2, -3*r - d + 1813 = 0. List the prime factors of r.
2, 3, 101
Suppose 2*d + 6 + 15 = 3*q, -4*q = -20. Let s(r) = 5*r**2 - 11*r + 6. List the prime factors of s(d).
2, 3, 7
Let q(t) = -26*t - 29. Let p be q(-5). Let n = p + -97. List the prime factors of (9 - n) + -1 + 215.
3, 73
Suppose 3*t = -9, -7 = -2*o - 2*t + 3*t. Suppose o*c + 17 - 17 = 0. Suppose -h - 4*h - 5*y + 1010 = c, 5*h - 3*y - 1034 = 0. What are the prime factors of h?
5, 41
Let k(m) = 6*m - 57. Let j be k(10). Let y = -1 - -5. Suppose 5*b + y*x - 315 = 0, 2*b + j*x - 252 = -2*b. List the prime factors of b.
3, 7
Suppose 366046 = 52*b - 29546 + 88584. List the prime factors of b.
2, 3, 41
Let h = 4167 + -1983. Suppose -5*c + 1923 = -4*p - 3501, -2*c + h = 2*p. What are the prime factors of c?
2, 17
Suppose -j - 5 = 5*m, 2*j + 2*m = m - 46. Let b(n) = n**3 + 24*n**2 - 31*n - 40. Let c be b(-25). Let i = c + j. What are the prime factors of i?
5, 17
Let x(b) = -45*b**3 + 19*b**2 + 109*b + 47. List the prime factors of x(-8).
23431
Let n(l) = -8*l**2 - 3*l**2 - 4 - 5*l + 19*l**2 - 7*l**2 - 18*l**3. What are the prime factors of n(-3)?
2, 11, 23
Let a(s) = s**3 + 7*s**2 + 4*s + 8. Let g be a(-7). Suppose 3*w - 950 = -16*w. Let h = w - g. List the prime factors of h.
2, 5, 7
Let t be 60/24*(-3 + -1). Let i be (0/t)/(0 + 1). Suppose i = -10*p + 523 + 1557. List the prime factors of p.
2, 13
Let m(y) = 2270*y + 240. What are the prime factors of m(9)?
2, 3, 5, 13, 53
Suppose 32*j = 23*j + 131967. Suppose 0 = 31*u - 9920 - j. What are the prime factors of u?
13, 61
Suppose 5*s - 3 = 3*k - 7*k, 2*s + 2 = 0. Suppose -1540 = -4*i + 4*z, -3*i - k*z + 503 = -627. List the prime factors of i.
2, 5, 19
Let m(c) = -152*c + 28. Let n be -21*((11/(-3))/1 + 4). List the prime factors of m(n).
2, 3, 7, 13
Suppose -3*r - 4*o + 3*o = -8, 0 = 5*r - 3*o - 32. Suppose -3*q + 68 = -2*b, 7*b - r*b + 90 = 4*q. What are the prime factors of q?
2, 3
Suppose v + 10 = -4*v. Let n be ((1 - -2) + -50)/(v/8). Let m = -69 + n. What are the prime factors of m?
7, 17
Suppose 2*r - 4*v = 6*r - 13256, r - 3310 = -3*v. List the prime factors of r.
2, 829
Let d = 6223 + 7213. Suppose -23*i + 2871 + d = 0. What are the prime factors of i?
709
Let j = -96 - -87. What are the prime factors of (1697 + 14 + j)/(3 + -1)?
23, 37
Let k(u) = 2*u**2 + 15*u - 1. Suppose -7*t + 32 = -11*t. Let s be k(t). Let d = s + 40. What are the prime factors of d?
47
Suppose 12 = 4*m, -2*q - 12 = -3*q - 3*m. Suppose -5*v + 6 = -q*l, -l - 3 = 2*l - 4*v. List the prime factors of (75*l)/(10/5 - 1).
3, 5
Suppose 0 = -v + l + 22991, 79*v - 75*v - 3*l = 91957. List the prime factors of v.
2, 13, 17
Suppose 0 = w - 4*r - 11 - 5, -16 = -4*w + 4*r. Suppose h + 4*k - 22 = -w*k, 0 = -3*h - 2*k + 56. List the prime factors of 226*3*3/(0 + h).
113
Suppose -r + 3*v = -12342, -6*v - 61656 = 59*r - 64*r. What are the prime factors of r?
2, 3, 13, 79
Let q = 1924 + -1190. Let i(g) = 2*g**2 - 17*g - 61. Let k be i(-3). Suppose -k*b + q = -138. List the prime factors of b.
109
Suppose 5 = 3*k - 2*y, 2*y + 0